{"id":951,"date":"2008-12-30T21:33:15","date_gmt":"2008-12-30T20:33:15","guid":{"rendered":"http:\/\/knsweb.net\/?page_id=951"},"modified":"2021-01-29T20:16:23","modified_gmt":"2021-01-29T19:16:23","slug":"frases-utiles-en-japones","status":"publish","type":"page","link":"https:\/\/knsweb.net\/?page_id=951","title":{"rendered":"Frases en Japon\u00e9s"},"content":{"rendered":"<p>Aqui teneis algunas frases \u00fatiles, para que vay\u00e1is practicando vuestro japon\u00e9s. Solo ten\u00e9is que recordar estas sencillas reglas de pronunciaci\u00f3n: <\/p>\n<ol type=\"A\">\n<li> La &#8220;u&#8221;, al final de las palabras, casi no suena. E.j.: Desu (verb. ser)<i>Des<\/i>.\n  <\/li>\n<li> Una &#8220;i&#8221;, detr\u00e1s de una &#8220;e&#8221;, generalmente, alarga el sonido. E.j.:<br \/>\n    Tokei (reloj) <i>Tokee<\/i>. <\/li>\n<li> Una &#8220;u&#8221;, detr\u00e1s de una &#8220;o&#8221;, alarga el sonido. E.j.: Ohayou (buenos<br \/>\n    d\u00edas)<i>Ohayoo<\/i>. <\/li>\n<li> La &#8220;h&#8221;, se aspira, hasta ser casi una &#8220;j&#8221;. E.j.: Hayai (rapido) <i>Jayai<\/i>.<\/li>\n<li> La J pronunciarla como una Y. E.j.: Jikan<br \/>\n    (Tiempo) <i>Yikan<\/i>.<\/li>\n<li>Trata de pronunciar el resto de las silabas tal y como las lees, y no te<br \/>\n    equivocar\u00e1s demasiado.<\/li>\n<\/ol>\n<p><\/p>\n<p><strong>Expresiones<\/strong> <\/p>\n<ol>\n<li>CHIKATETSU \/ RESUTORAN WA DOKO DESUKA: D&oacute;nde est&aacute; el Metro<br \/>\n      (Chikatetsu)\/restaurante (Resutoran)?<\/li>\n<li>DOUMO ARIGATOU GOZAIMASU: Much\u00edsimas gracias.<\/li>\n<li>EIGO \/ SUPEINGO GA HANASHIMASUKA: Habla ingl\u00e9s (Eigo)\/espa\u00f1ol (Supeingo)?<\/li>\n<li>GOMEN NASAI: Lo siento, disculpe.\n    <\/li>\n<li> IKURA DESUKA: Cu\u00e1nto cuesta?<\/li>\n<li>KONBANWA: Buenas noches.<\/li>\n<li>KONNICHIWA: Buenos tardes.<\/li>\n<li>OHAYOU GOZAIMASU: Buenos d\u00edas (Solo por la ma\u00f1ana)<\/li>\n<li>SUMIMASEN: Perdone, oiga (P.Ej.: Mire la siguiente frase)<\/li>\n<li>SUMIMASEN, IMA WA NANJI DESUKA: Perdone, qu\u00e9 hora es?<\/li>\n<\/ol>\n<p><\/p>\n<p><strong>Lugares y cosas<\/strong><\/p>\n<ol>\n<li>AEROPUERTO: Kuukou, (Internacional: Kokuusaikukou) (P.Ej.: Narita kuuko)<\/li>\n<li>AGENTE DE POLICIA: Keisatsukan.<\/li>\n<li>ASEOS: Toire.<\/li>\n<li>AUTOBUS: Basu.<\/li>\n<li>BANCO: Ginkou.<\/li>\n<li>DINERO: O-kane.<\/li>\n<li>HOMBRE: Otoko.<\/li>\n<li>HOSPITAL: Byouin.<\/li>\n<li>METRO: Chikatetsu.<\/li>\n<li>MUJER: Onna.<\/li>\n<li>NI&Ntilde;O: Kodomo.<\/li>\n<li>RADIO: Rajio.<\/li>\n<li>RELOJ: Tokei.<\/li>\n<li>TELEFONO: Denwa (Tel\u00e9fono m\u00f3vil: Keitai denwa \/ Cabina: Koushuu denwa)<\/li>\n<li>TELEVISOR: Terebi.<\/li>\n<li>TREN: Densha (Tren bala: Shinkansen)<\/li>\n<\/ol>\n<p><\/p>\n<p><strong>Adjetivos \/Adverbios<\/strong><\/p>\n<ol>\n<li>BARATO \/ CARO: Yasui \/ Takai. <\/li>\n<li>BUENO \/ MALO: ii \/ Warui. <\/li>\n<li>CALIENTE \/ FRIO: Atatakai \/ Tsumetai. <\/li>\n<li>CERCA \/ LEJOS: Chikai \/ Tooi.<\/li>\n<li>CLARO \/ OSCURO: Akarui \/ Kurai. <\/li>\n<li>GRANDE \/ PEQUE&Ntilde;O: Ookii \/ chiisai. <\/li>\n<li>LARGO \/ CORTO: Nagai \/ Mijikai.<\/li>\n<li>NUEVO \/ VIEJO: Atarashii \/ Furui.<\/li>\n<li>RAPIDO \/ LENTO: Hayai \/ Osoi.<\/li>\n<li>SI \/ NO: Hai \/ iie<\/li>\n<\/ol>\n<p><\/p>\n<p><strong>Los n\u00fameros<\/strong><\/p>\n<ol>\n<li> UNO: Ichi<\/li>\n<li> DOS: Ni<\/li>\n<li>TRES: San<\/li>\n<li>CUATRO: Shi \/ Yon<\/li>\n<li> CINCO: Go<\/li>\n<li> SEIS: Roku<\/li>\n<li> SIETE: Shichi \/ Nana<\/li>\n<li> OCHO: Hachi<\/li>\n<li> NUEVE: Kyu \/ Ku<\/li>\n<li>DIEZ: Juu<\/li>\n<li>CIEN: Hyaku<\/li>\n<li>MIL: Sen<\/li>\n<li>DIEZMIL: Man<\/li>\n<li>UN MILLON: Hyakuman (Es decir, cien diezmiles)<\/li>\n<li>EJEMPLO 1: 16 = Juu roku (Diez, seis)<\/li>\n<li>EJEMPLO 2: 2025 = Ni sen ni juu go. (dos, mil, veinte, cinco)<\/li>\n<\/ol>\n<table width=\"100\" border=\"1\" align=\"center\" bgcolor=\"#111111\" bordercolor=\"#f2900b\" cellspacing=\"0\" cellpadding=\"0\">\n<tr align=\"center\" valign=\"middle\">\n<td colspan=\"4\"> <font size=\"2\"><b>Ptos. Cardinales<\/b>:<\/font> <font size=\"2\"><\/font><\/td>\n<td colspan=\"3\"><font size=\"2\"><b>Adjetivos:<\/b><\/font><\/td>\n<\/tr>\n<tr align=\"center\" valign=\"middle\">\n<td><font size=\"2\">NORTE:<\/font><\/td>\n<td bgcolor=\"#000000\"><font size=\"2\">SUR:<\/font><\/td>\n<td><font size=\"2\">ESTE:<\/font><\/td>\n<td bgcolor=\"#000000\"><font size=\"2\">OESTE:<\/font><\/td>\n<td><font size=\"2\">CALOR: <\/font><\/td>\n<td bgcolor=\"#000000\"><font size=\"2\">FRIO: <\/font><\/td>\n<td><font size=\"2\">TEMPLADO:<\/font><\/td>\n<\/tr>\n<tr align=\"center\" valign=\"middle\">\n<td><font size=\"2\">Kita.<\/font><\/td>\n<td bgcolor=\"#000000\"><font size=\"2\">Minami.<\/font> <\/td>\n<td><font size=\"2\">Higashi<\/font><\/td>\n<td bgcolor=\"#000000\"><font size=\"2\">Nishi<\/font> <\/td>\n<td><font size=\"2\">Atsui.<\/font> <\/td>\n<td bgcolor=\"#000000\"><font size=\"2\">Samui.<\/font> <\/td>\n<td>Atatakai.<\/td>\n<\/tr>\n<\/table>\n<p><\/p>\n<table width=\"80%\" border=\"1\" cellspacing=\"0\" cellpadding=\"0\" bgcolor=\"#111111\" bordercolor=\"#f2900b\" align=\"center\">\n<tr align=\"center\" valign=\"middle\">\n<td colspan=\"7\"><font size=\"2\"><b>Dias Semanales:<\/b><\/font><\/td>\n<\/tr>\n<tr align=\"center\" valign=\"middle\">\n<td><font size=\"2\">LUNES:<\/font><\/td>\n<td bgcolor=\"#000000\"><font size=\"2\">MARTES: <\/font><\/td>\n<td><font size=\"2\">MIERCOLES: <\/font><\/td>\n<td bgcolor=\"#000000\"><font size=\"2\">JUEVES: <\/font><\/td>\n<td><font size=\"2\">VIERNES: <\/font><\/td>\n<td bgcolor=\"#000000\"><font size=\"2\">SABADO: <\/font><\/td>\n<td><font size=\"2\">DOMINGO: <\/font><\/td>\n<\/tr>\n<tr align=\"center\" valign=\"middle\">\n<td><font size=\"2\">Getsuyoubi<\/font><\/td>\n<td bgcolor=\"#000000\"><font size=\"2\">Kayoubi.<\/font> <\/td>\n<td><font size=\"2\">Tsuiyoubi.<\/font> <\/td>\n<td bgcolor=\"#000000\"><font size=\"2\">Mokuyoubi.<\/font><\/td>\n<td><font size=\"2\">Kinyoubi.<\/font> <\/td>\n<td bgcolor=\"#000000\"><font size=\"2\">Doyoubi.<\/font><\/td>\n<td><font size=\"2\">Nichiyoubi.<\/font><\/td>\n<\/tr>\n<\/table>\n<p><\/p>\n<table width=\"80%\" border=\"1\" bgcolor=\"#111111\" bordercolor=\"#f2900b\" cellspacing=\"0\" cellpadding=\"0\" align=\"center\">\n<tr align=\"center\" valign=\"middle\">\n<td colspan=\"4\"> <font size=\"2\"><b>Estaciones:<\/b><\/font><\/td>\n<\/tr>\n<tr align=\"center\" valign=\"middle\">\n<td width=\"25%\"> <font size=\"2\">PRIMAVERA: <\/font><\/td>\n<td width=\"25%\" bgcolor=\"#000000\"><font size=\"2\">OTO&Ntilde;O: <\/font><\/td>\n<td width=\"25%\"> <font size=\"2\">VERANO: <\/font><\/td>\n<td width=\"25%\" bgcolor=\"#000000\"><font size=\"2\">INVIERNO:<\/font><\/td>\n<\/tr>\n<tr align=\"center\" valign=\"middle\">\n<td width=\"25%\"> <font size=\"2\">Haru.<\/font><\/td>\n<td width=\"25%\" bgcolor=\"#000000\"> <font size=\"2\">Aki.<\/font><\/td>\n<td width=\"25%\"> <font size=\"2\">Natsu.<\/font><\/td>\n<td width=\"25%\" bgcolor=\"#000000\"> <font size=\"2\">Fuyu<\/font><\/td>\n<\/tr>\n<\/table>\n<p><\/p>\n<table width=\"80%\" border=\"1\" bgcolor=\"#111111\" bordercolor=\"#f2900b\" cellspacing=\"0\" cellpadding=\"0\" align=\"center\">\n<tr align=\"center\" valign=\"middle\">\n<td colspan=\"6\"> <font size=\"2\"><b>Meses:<\/b><\/font><\/td>\n<\/tr>\n<tr align=\"center\" valign=\"middle\">\n<td width=\"8%\"><font size=\"2\">ENERO<\/font><\/td>\n<td width=\"8%\" bgcolor=\"#000000\"><font size=\"2\">FEBRERO<\/font><\/td>\n<td width=\"8%\"><font size=\"2\">MARZO<\/font><\/td>\n<td width=\"8%\" bgcolor=\"#000000\"><font size=\"2\">ABRIL<\/font><\/td>\n<td width=\"8%\"><font size=\"2\">MAYO<\/font><\/td>\n<td width=\"8%\" bgcolor=\"#000000\"><font size=\"2\">JUNIO<\/font><\/td>\n<\/tr>\n<tr align=\"center\" valign=\"middle\">\n<td width=\"8%\">\n          <font size=\"2\">Ichigatsu.<\/font><\/td>\n<td width=\"8%\" bgcolor=\"#000000\"><font size=\"2\">Nigatsu.<\/font><\/td>\n<td width=\"8%\"><font size=\"2\">Sangatsu.<\/font><\/td>\n<td width=\"8%\" bgcolor=\"#000000\"><font size=\"2\">Shigatsu.<\/font><\/td>\n<td width=\"8%\"><font size=\"2\">Gogatsu<\/font><\/td>\n<td width=\"8%\" bgcolor=\"#000000\"><font size=\"2\">Rokugatsu<\/font><\/td>\n<\/tr>\n<tr align=\"center\" valign=\"middle\">\n<td width=\"8%\" bgcolor=\"#000000\"><font size=\"2\">JULIO<\/font><\/td>\n<td width=\"8%\"><font size=\"2\">AGOSTO<\/font><\/td>\n<td width=\"8%\" bgcolor=\"#000000\"><font size=\"2\">SEPTIEMBRE<\/font><\/td>\n<td width=\"8%\"><font size=\"2\">OCTUBRE<\/font><\/td>\n<td width=\"8%\" bgcolor=\"#000000\"><font size=\"2\">NOVIEMBRE<\/font><\/td>\n<td width=\"8%\"><font size=\"2\">DICIEMBRE<\/font><\/td>\n<\/tr>\n<tr align=\"center\" valign=\"middle\">\n<td width=\"8%\" bgcolor=\"#000000\"><font size=\"2\">Shichigatsu<\/font><\/td>\n<td width=\"8%\"><font size=\"2\">Hachigatsu.<\/font><\/td>\n<td width=\"8%\" bgcolor=\"#000000\"><font size=\"2\">Kyugatsu.<\/font><\/td>\n<td width=\"8%\"><font size=\"2\">Juugatsu<\/font><\/td>\n<td width=\"8%\" bgcolor=\"#000000\"><font size=\"2\">Juuichigatsu.<\/font><\/td>\n<td width=\"8%\"><font size=\"2\">Juunigatsu.<\/font><\/td>\n<\/tr>\n<\/table>\n<p>Esta es la primera y \u00faltima lecci\u00f3n de cualquier idioma, el vocabulario. Con estas pocas expresiones y palabras, podr\u00e9is haceros entender, mientras aprend\u00e9is, o realiz\u00e1is una visita tur\u00edstica. <\/p>\n","protected":false},"excerpt":{"rendered":"<p>Aqui teneis algunas frases \u00fatiles, para que vay\u00e1is practicando vuestro japon\u00e9s. Solo ten\u00e9is que recordar estas sencillas reglas de pronunciaci\u00f3n: La &#8220;u&#8221;, al final de las palabras, casi no suena. E.j.: Desu (verb. ser)Des. Una &#8220;i&#8221;, detr\u00e1s de una &#8220;e&#8221;, generalmente, alarga el sonido. E.j.: Tokei (reloj) Tokee. Una &#8220;u&#8221;, detr\u00e1s de una &#8220;o&#8221;, alarga [&hellip;]<\/p>\n","protected":false},"author":1,"featured_media":0,"parent":8,"menu_order":0,"comment_status":"closed","ping_status":"open","template":"","meta":{"ngg_post_thumbnail":0,"footnotes":""},"class_list":["post-951","page","type-page","status-publish","hentry"],"_links":{"self":[{"href":"https:\/\/knsweb.net\/index.php?rest_route=\/wp\/v2\/pages\/951","targetHints":{"allow":["GET"]}}],"collection":[{"href":"https:\/\/knsweb.net\/index.php?rest_route=\/wp\/v2\/pages"}],"about":[{"href":"https:\/\/knsweb.net\/index.php?rest_route=\/wp\/v2\/types\/page"}],"author":[{"embeddable":true,"href":"https:\/\/knsweb.net\/index.php?rest_route=\/wp\/v2\/users\/1"}],"replies":[{"embeddable":true,"href":"https:\/\/knsweb.net\/index.php?rest_route=%2Fwp%2Fv2%2Fcomments&post=951"}],"version-history":[{"count":0,"href":"https:\/\/knsweb.net\/index.php?rest_route=\/wp\/v2\/pages\/951\/revisions"}],"up":[{"embeddable":true,"href":"https:\/\/knsweb.net\/index.php?rest_route=\/wp\/v2\/pages\/8"}],"wp:attachment":[{"href":"https:\/\/knsweb.net\/index.php?rest_route=%2Fwp%2Fv2%2Fmedia&parent=951"}],"curies":[{"name":"wp","href":"https:\/\/api.w.org\/{rel}","templated":true}]}}