{"id":911,"date":"2008-12-29T22:02:33","date_gmt":"2008-12-29T21:02:33","guid":{"rendered":"http:\/\/knsweb.net\/?page_id=911"},"modified":"2021-01-29T20:14:44","modified_gmt":"2021-01-29T19:14:44","slug":"el-manga-en-espana","status":"publish","type":"page","link":"https:\/\/knsweb.net\/?page_id=911","title":{"rendered":"El Manga en Espa\u00f1a"},"content":{"rendered":"<p> Siguiendo mi l\u00ednea del mes anterior (en la publicaci\u00f3n original, en la revista) volvemos a hablar del <em>manga<\/em>. Del <em>manga<\/em>, del <em>anime<\/em> y del mundo <em>otaku<\/em> en general. Como ya os dije, en Jap\u00f3n, el <em>manga<\/em> es algo tan natural como otros medios de difusi\u00f3n cultural. Por eso muchas veces, los aficionados japoneses m\u00e1s extremistas (<em>otaku<\/em>) son considerados bichos raros, al igual que en Espa\u00f1a.<\/p>\n<p><strong>Entrevista:<\/strong><\/p>\n<p>Este mes contamos con una nueva colaboradora, una guapa nipona, <em>Usagi-chan<\/em>, que nos va a ayudar a ver c\u00f3mo ven los japoneses el <em>manga<\/em> y a sus aficionados, en Espa\u00f1a:<\/p>\n<p><strong>Kumo<\/strong>: \u00bfLe\u00edas manga o ve\u00edas anime en Jap\u00f3n?<\/p>\n<p><strong>Usagi-chan<\/strong>: S\u00ed. <strong>Touch!<\/strong> (Bateadores), <strong>Miyuki<\/strong>, <strong>Captain Tsubasa<\/strong> (Campeones), <strong>Kureyon Shin-Chan<\/strong> (shin-Chan), <strong>Urusei Yatsura<\/strong> (Lum), Etc\u2026<\/p>\n<p><strong>K<\/strong>: \u00bfY en Espa\u00f1a?<\/p>\n<p><strong>U<\/strong>: <strong>Shin-chan<\/strong>, <strong>Doraemon<\/strong>. Estoy leyendo <strong>Chobits<\/strong> y he le\u00eddo <strong>Miyukichan in the wonderlan<\/strong>d.<\/p>\n<p><strong>K<\/strong>: Mmm&#8230; \u00bfCu\u00e1l es tu <em>mangaka<\/em> favorito? \u00bfPor qu\u00e9?<\/p>\n<p><strong>U<\/strong>: <em>Adachi Mitsuru<\/em> y <em>Takashi Rumiko<\/em> son mis autores favoritos.<\/p>\n<p><strong>K<\/strong>: \u00bfTe parece que los <em>manga\/anim<\/em>e que se editan en Espa\u00f1a est\u00e1n bien hechos?<\/p>\n<p><strong>U<\/strong>: El <em>anime<\/em> esta bien, aunque siempre cortan las canciones o las traducen horriblemente. Los <em>manga<\/em> no son muy buenos. Porque se traducen mal o se tratan mal las im\u00e1genes. Son mas caros y bastante menos p\u00e1ginas que los originales japoneses.<\/p>\n<p><strong>K<\/strong>: \u00bfCrees que el <em>manga<\/em> es excesivamente caro?<\/p>\n<p><strong>U<\/strong>: S\u00ed. Tomos como el de <strong>Hiroshima<\/strong>, aunque bastante &#8220;gordos&#8221; son caros. En general, leer cualquier cosa en Espa\u00f1a es muy cara.<\/p>\n<p><strong>K<\/strong>: \u00bfQu\u00e9 cambiarias o qu\u00e9 recomendar\u00edas a las editoriales para mejorar sus ediciones?<\/p>\n<p><strong>U<\/strong>: Que bajen el precio, por supuesto. Tambi\u00e9n seria conveniente que su tratamiento de im\u00e1genes fuera m\u00e1s preciso. Muchos fondos est\u00e1n mal tratados o directamente se colocan al rev\u00e9s. En los anime, esto va para las cadenas de TV, no hay que cortar los <em>openings<\/em> y <em>endings<\/em> (que en Jap\u00f3n por otra parte, son las canciones que triunfan entre los <em>otaku<\/em>). (NdK: Yo a\u00f1adir\u00eda el no hacer chapuzas de traducci\u00f3n y dejar directamente las canciones en japones y eso s\u00ed, sin repetirlas. Cada serie su opening, no como en <strong>Slayers<\/strong> donde solo se pudo un ver <em>opening<\/em> para las tres temporadas)<\/p>\n<p><strong>K<\/strong>: \u00bfHas ido a alg\u00fan Sal\u00f3n del <em>manga<\/em> o del comic en Espa\u00f1a? \u00bfY en Jap\u00f3n? \u00bfPor qu\u00e9?<br \/>\n<strong>U<\/strong>: S\u00ed. Al <strong>Sal\u00f3n del comic de Madrid<\/strong>. En Jap\u00f3n nunca he ido porque me pillaba muy lejos de casa. A veces ve\u00eda las cr\u00f3nicas en la Tv.<\/p>\n<p><strong>K<\/strong>: \u00bfC\u00f3mo ves al aficionado al <em>manga<\/em> en Espa\u00f1a? \u00bfPor qu\u00e9?<\/p>\n<p><strong>U<\/strong>: Algunos son muy raros, incluso f\u00edsicamente&#8230; Me chocan mucho los hombres &#8220;mayores&#8221; con pelo largo y camisetas de alg\u00fan manga <em>Shoujo<\/em>, eso no se ve en Jap\u00f3n (al menos no en la calle). Las chicas son muy monas ^o^ cuando se disfrazan para un cos-play, parecen mas reales que las chicas japonesas (NdK: Mmm&#8230; discutible, aunque una Caballero Luna siempre quedar\u00eda mejor mas occidental&#8230; Pudiera ser&#8230;) porque son rubias o tiene los ojos m\u00e1s grandes, etc&#8230;<\/p>\n<p><strong>K<\/strong>: \u00bfY en relaci\u00f3n con Jap\u00f3n como ves al <em>otaku<\/em> espa\u00f1ol?<\/p>\n<p><strong>U<\/strong>: Los <em>otaku<\/em> de pro (ver m\u00e1s abajo) japoneses, son bastante raros. Los espa\u00f1oles son m\u00e1s naturales, aunque igual de raros.<\/p>\n<p><strong>K<\/strong>: \u00bfCrees que el <em>manga<\/em> en Espa\u00f1a es solo una moda pasajera?<\/p>\n<p><strong>U<\/strong>: No se la historia del <em>manga<\/em> en Espa\u00f1a, pero es un gran negocio, tanto para las editoriales japonesas como para las espa\u00f1olas, as\u00ed que el <em>manga<\/em> durara mucho tiempo. Sin embargo su integraci\u00f3n en la vida cotidiana de la gente (que es cuando algo deja de ser realmente una moda) tardara bastante.<\/p>\n<p><strong>K<\/strong>: En muchos <em>manga\/anime<\/em> se reflejan muchas costumbres niponas, por ejemplo en <em>GALS!<\/em> (De <em>Mihona Fujii<\/em>) se analiza el, en ocasiones controvertido, tema de las <em>KoGal<\/em>s. \u00bfCrees que con el nivel actual o en un futuro pr\u00f3ximo, determinadas costumbres o modas japonesas podr\u00edan crear afici\u00f3n es Espa\u00f1a?<\/p>\n<p><strong>U<\/strong>: Risas&#8230; No lo creo. Me gustar\u00eda (m\u00e1s risas) ver<em> KoGals<\/em> en Espa\u00f1a, pero no creo&#8230;<\/p>\n<p><strong>K<\/strong>: Se da el caso de que hay bastantes aficionados al <em>manganime<\/em> que no han visto, o no les interesa, la cultura japonesa ni de lejos \u00bfA qu\u00e9 crees que se debe?<\/p>\n<p><strong>U<\/strong>: Si no les interesa, no les interesa&#8230; (NdK: Respuesta muy japonesa _) \u00bfPor qu\u00e9 deberia interesarles?<\/p>\n<p><strong>K<\/strong>: Etoo&#8230; Soy yo el que hace las preguntas ^_^U Deber\u00eda interesarles porque lo que leen en los <em>manga<\/em> o ven en las series de <em>anime<\/em>, nace directamente de esa cultura. Claro que tambi\u00e9n est\u00e1 el tema de la curiosidad y el af\u00e1n de conocimiento&#8230;<\/p>\n<p><strong>U<\/strong>: Fummm&#8230;<\/p>\n<p><strong>K<\/strong>: Ehem&#8230; Sigamos y cambiemos un poco de tema \u00bfEs Jap\u00f3n un pa\u00eds complicado?<\/p>\n<p><strong>U<\/strong>: Es complicado, o al menos lo parecer\u00e1, para los espa\u00f1oles. Generalmente, el japon\u00e9s medio es excesivamente &#8220;pol\u00edticamente correcto&#8221; y nunca va directo al grano. Por lo que a los espa\u00f1oles (y extranjeros, <em>gaijin<\/em>, en general) les cuesta mucho entendernos.<\/p>\n<p><strong>K<\/strong>: Sabemos que eres profesora de japon\u00e9s en Madrid. \u00bfHay muchos <em>otaku<\/em> entre tus alumnos? \u00bfLes interesa la cultura en general o solo el idioma?<\/p>\n<p><strong>U<\/strong>: Siii&#8230; Hay algunos&#8230; Les interesa, a todos en general, mucho la cultura y las costumbres japonesas. Hablamos mucho de ello en clase (no se lo digas al jefe ^_^U) y hacemos varios juegos y vemos series (de <em>anime<\/em> o <em>doramas<\/em> de imagen real) e incluso cantamos canciones (NdK: \u00bfEs una clase o un show?). Y de vez en cuando cae alg\u00fan examen&#8230; jeje!<\/p>\n<p><strong>K<\/strong>: \u00bfPor qu\u00e9 crees que la mayor\u00eda aprende japon\u00e9s?<\/p>\n<p><strong>U<\/strong>: Por gusto. Es una de las cosas que siempre preguntamos los profesores y esa suele ser la respuesta m\u00e1s habitual.<\/p>\n<p><strong>K<\/strong>: <em>Dekitaa!!<\/em> (Ya esta hecho!) <em>Domo Arigatou gozaimashita<\/em> (Muchas Gracias).<\/p>\n<p><strong>U<\/strong>: <em>Iie. Douitashimashite!<\/em> (De nada) <em>Mata itsu demo kiite kudasai<\/em>&#8230; (Cuando quieras&#8230;)<\/p>\n<p>Consultando con otros japoneses que residen en Espa\u00f1a, vemos que hay muchas opiniones que coinciden plenamente con las de <em>Usagi-chan<\/em>. La mayor\u00eda piensan que el <em>manganime<\/em> en Espa\u00f1a, m\u00e1s all\u00e1 de la calidad de su edici\u00f3n es caro y se resisten a leerlo (bueno&#8230; supongo que se resisten a comprarlo ^_^U) A menudo se critican los doblajes de las series. Otros, habituales lectores de <em>manga<\/em>, piensan que el <em>otaku<\/em> de pro (ese de <em>cos-play<\/em>, Karaoke y el &#8220;ABC&#8221; de cada serie en la cabeza) son bichos muy raros, dentro y fuera de Jap\u00f3n.<\/p>\n<p>As\u00ed que desde aqu\u00ed, yo os animar\u00eda, mis queridos <em>otaku<\/em> (all\u00e1 de donde se\u00e1is) a que os abr\u00e1is m\u00e1s al mundo que os rodea y dej\u00e9is de consideraros personas normales(1), para pasar a serlo ^_^U Eso s\u00ed, seguid leyendo. Recordad mi mensaje del mes pasado, lo malo no es el <em>manga<\/em>, sino los extremismos(3) y la ignorancia.<br \/>\nY visto lo visto, a las editoriales les dar\u00eda un peque\u00f1o tir\u00f3n de orejas, porque creen hacerlo muy bien y todav\u00eda les queda mucho por mejorar(2) y aprender.<\/p>\n<p>\u00a1Hasta el mes que viene!<\/p>\n<p>Usagi-chan to Kumo<\/p>\n<p>1: El 99% de los encuestados durante el <strong>Sal\u00f3n del Manga de Barcelona<\/strong> de 2002 respondi\u00f3 &#8220;Me considero normal&#8221; a la pregunta: &#8220;\u00bfC\u00f3mo te consideras?&#8221; Entre otras respuestas posibles se encontraban: Normal, Aficionado, <em>otaku<\/em>, Friki (Freak \/ Geek), Etc&#8230; Result\u00f3 que nadie era un friki&#8230; Luego se pudieron ver corrillos de aficionados que rodeaban a una atractiva chica pidi\u00e9ndole citas y n\u00fameros de tel\u00e9fono, como si nunca hubiesen visto una chica de verdad o esto fuese <strong>Video Girl Ai<\/strong>&#8230; _U<br \/>\n2: El tomo de <strong>ManMachine Interface<\/strong>, cuesta casi 18\u20ac, porque es casi entero a color, pero luego tiene algunos fallos que son para fusilar al responsable de turno de Planeta Ediciones.<br \/>\n3: No ser un extremista no significa no participar en un <em>cos-play<\/em> o un karaoke, la vida est\u00e1 para divertirse. Si no, entre otras cosas, no rechazar algo, simplemente por el hecho de ser No-Manga o ser tan intolerante como todos esos que rechazan el <em>manga<\/em>, por que son &#8220;dibujos chinos de sexo y violencia&#8221;.<\/p>\n<p>Por Kumo<\/p>\n","protected":false},"excerpt":{"rendered":"<p>Siguiendo mi l\u00ednea del mes anterior (en la publicaci\u00f3n original, en la revista) volvemos a hablar del manga. Del manga, del anime y del mundo otaku en general. Como ya os dije, en Jap\u00f3n, el manga es algo tan natural como otros medios de difusi\u00f3n cultural. Por eso muchas veces, los aficionados japoneses m\u00e1s extremistas [&hellip;]<\/p>\n","protected":false},"author":1,"featured_media":0,"parent":8,"menu_order":0,"comment_status":"closed","ping_status":"open","template":"","meta":{"ngg_post_thumbnail":0,"footnotes":""},"class_list":["post-911","page","type-page","status-publish","hentry"],"_links":{"self":[{"href":"https:\/\/knsweb.net\/index.php?rest_route=\/wp\/v2\/pages\/911","targetHints":{"allow":["GET"]}}],"collection":[{"href":"https:\/\/knsweb.net\/index.php?rest_route=\/wp\/v2\/pages"}],"about":[{"href":"https:\/\/knsweb.net\/index.php?rest_route=\/wp\/v2\/types\/page"}],"author":[{"embeddable":true,"href":"https:\/\/knsweb.net\/index.php?rest_route=\/wp\/v2\/users\/1"}],"replies":[{"embeddable":true,"href":"https:\/\/knsweb.net\/index.php?rest_route=%2Fwp%2Fv2%2Fcomments&post=911"}],"version-history":[{"count":0,"href":"https:\/\/knsweb.net\/index.php?rest_route=\/wp\/v2\/pages\/911\/revisions"}],"up":[{"embeddable":true,"href":"https:\/\/knsweb.net\/index.php?rest_route=\/wp\/v2\/pages\/8"}],"wp:attachment":[{"href":"https:\/\/knsweb.net\/index.php?rest_route=%2Fwp%2Fv2%2Fmedia&parent=911"}],"curies":[{"name":"wp","href":"https:\/\/api.w.org\/{rel}","templated":true}]}}