{"id":2032,"date":"2010-04-22T10:36:59","date_gmt":"2010-04-22T09:36:59","guid":{"rendered":"http:\/\/knsweb.net\/?page_id=2032"},"modified":"2021-01-29T21:02:20","modified_gmt":"2021-01-29T20:02:20","slug":"recuperar-un-hdd-con-la-controladora-danada","status":"publish","type":"page","link":"https:\/\/knsweb.net\/?page_id=2032","title":{"rendered":"Recuperar un HDD con la controladora da\u00f1ada"},"content":{"rendered":"<p>Nota: Inicialmente esta gu\u00eda se public\u00f3 en el foro hace tiempo, sin embargo, los principios siguen siendo los mismos, por lo que alguien puede encontrarla util ante un accidente con el HD. Es indiferente que el disco sea IDE o SATA (lo habitual ahora). Los SSD, por motivos evidentes, no se pueden reparar as\u00ed.<\/p>\n<p>Tras un percance el\u00e9ctrico con un uno de mis HDs, la controladora del mismo qued\u00f3 estropeada y el HD dej\u00f3 de funcionar. Tras algunas consultas y experimentos consegu\u00ed recuperar los datos.<\/p>\n<p><strong>***OJO: Esto solo funciona en algunos casos, no es garantia de recuperancion total de los datos y solo sirve para HDs con da\u00f1os en la controladora, sin da\u00f1os en el interior del disco, motores, platos o agujas.***<\/strong><\/p>\n<p>El disco da\u00f1ado era (y es. A\u00fan funciona, ver m\u00e1s adelante) un Seagate Barracuda 7200.7 de 120GB. Para recuperar lo mejor posible los datos, hay que sustituir la controladora da\u00f1ada por otra igual. Para ello, ademas de mucho cuidado se necesita un destornillador TX de 09*60 de venta en ferreter\u00edas especializadas y tiendas de electr\u00f3nica. Ademas por supuesto, necesitaremos una controladora igual a la da\u00f1ada, por lo que tendremos que conseguir un HD id\u00e9ntico al estropeado*.<\/p>\n<p>* <em>M\u00e1s tarde veremos que esto no es 100% necesario<\/em>.<\/p>\n<p>Una vez tenemos una controladora OK, simplemente se sustituye una por otra con un poco de cuidado y paciencia. Y poner el disco a funcionar. Deberia ser reconocido por la BIOS y tener acceso desde el SO. En ese momento podremos copiarnos los datos a otro disco en buen estado.<\/p>\n<p>Tras esa operacion volveremos a poner la controladora buena en el HD original y la operacion de recuperacion estara terminada.<\/p>\n<p><strong>Experimentos<\/strong><br \/>\nLa operaci\u00f3n anterior nos deja con un disco duro en buen estado y una capacidad aceptable, pero sin controladora. Buscando entre piezas viejas encontre un disco de similares caracteristicas (seagate barracuda 7200.7) pero de 80GB. Al echar un vistazo a la controladora, vi que pr\u00e1cticamente era identica a la del disco KO y pese que quizas podria funcionar ya que el disco de 80GB habia sido desechado por sectores defectuosos.<\/p>\n<p>He vuelto a repetir la cuidadosa operaci\u00f3n de sustituir las controladoras, esta vez para recuperar no datos, si no un HD util. Probablemente, esta operacion con controladoras para distintos modelos de capacidad, no recupere bien los datos.<\/p>\n<p>He probado el disco mediante un adaptador externo IDE\/USB para evitar conectar el HD de forma directa y evitar cualquier posible fallo en el sistema y funciona perfectamente. Windows reconoce el modelo de 120GB (por lo que esa info no esta en la controladora como pensaba) y una vez formateado todo parece funcionar bien. El HD conserva la capacidad de un HD de 120GB de Seagate (111,79GB) seg\u00fan he comparado con otro de iguales caracteristicas.<\/p>\n<p>La recuperaci\u00f3n ha sido un \u00e9xito y el disco deberia funcionar con normalidad por mucho tiempo. Aun asi, dado que las garantias de fiabilidad de este HD han podido quedar mermadas, lo aconsejable ser\u00eda utilizarlo como HD extraible, para back ups, descargas, etc y no para guardar informacion vital.<\/p>\n<p>Repet\u00ed la operaci\u00f3n una vez m\u00e1s. Esa vez con una controladora de un Seagate de 40GB y el disco funcion\u00f3 perfectamente y carg\u00f3 el linux que llevaba instalado.<\/p>\n<p>En todos los caso, lo importante parece ser que la controladorea sea <strong>de la misma serie<\/strong> (la 7200.7 en mi caso) que el disco. Esto puede ser debido lo mas seguramente a la velocidad en RPMs, cahche y otros factores similares.<\/p>\n<p>No me he fijado en el n\u00famero de cabezas, sectores, etc&#8230; Pero parece ser que lo mas importante es que la controladora sea <strong>de la misma serie<\/strong>. Ya que el espacio del disco lo reconoce de forma inmediata y el modelo es reconocido en la bios.<\/p>\n<p>EDIT: En eBay se venden controladoras de HDD y se puede conseguir el modelo ex\u00e1cto que se necesite. Est\u00e1 claro que es una reparaci\u00f3n bastante &#8220;habitual&#8221;.<\/p>\n","protected":false},"excerpt":{"rendered":"<p>Nota: Inicialmente esta gu\u00eda se public\u00f3 en el foro hace tiempo, sin embargo, los principios siguen siendo los mismos, por lo que alguien puede encontrarla util ante un accidente con el HD. Es indiferente que el disco sea IDE o SATA (lo habitual ahora). Los SSD, por motivos evidentes, no se pueden reparar as\u00ed. Tras [&hellip;]<\/p>\n","protected":false},"author":1,"featured_media":0,"parent":2,"menu_order":0,"comment_status":"closed","ping_status":"open","template":"","meta":{"ngg_post_thumbnail":0,"footnotes":""},"class_list":["post-2032","page","type-page","status-publish","hentry"],"_links":{"self":[{"href":"https:\/\/knsweb.net\/index.php?rest_route=\/wp\/v2\/pages\/2032","targetHints":{"allow":["GET"]}}],"collection":[{"href":"https:\/\/knsweb.net\/index.php?rest_route=\/wp\/v2\/pages"}],"about":[{"href":"https:\/\/knsweb.net\/index.php?rest_route=\/wp\/v2\/types\/page"}],"author":[{"embeddable":true,"href":"https:\/\/knsweb.net\/index.php?rest_route=\/wp\/v2\/users\/1"}],"replies":[{"embeddable":true,"href":"https:\/\/knsweb.net\/index.php?rest_route=%2Fwp%2Fv2%2Fcomments&post=2032"}],"version-history":[{"count":0,"href":"https:\/\/knsweb.net\/index.php?rest_route=\/wp\/v2\/pages\/2032\/revisions"}],"up":[{"embeddable":true,"href":"https:\/\/knsweb.net\/index.php?rest_route=\/wp\/v2\/pages\/2"}],"wp:attachment":[{"href":"https:\/\/knsweb.net\/index.php?rest_route=%2Fwp%2Fv2%2Fmedia&parent=2032"}],"curies":[{"name":"wp","href":"https:\/\/api.w.org\/{rel}","templated":true}]}}