{"id":1852,"date":"2010-02-15T01:45:03","date_gmt":"2010-02-15T00:45:03","guid":{"rendered":"http:\/\/knsweb.net\/?page_id=1852"},"modified":"2021-01-29T21:13:50","modified_gmt":"2021-01-29T20:13:50","slug":"silo-de-misiles-de-los-angeles-sangrientos","status":"publish","type":"page","link":"https:\/\/knsweb.net\/?page_id=1852","title":{"rendered":"Silo de misiles de los Angeles Sangrientos"},"content":{"rendered":"<p>La Fortaleza de Redenci\u00f3n de los Angeles oscuros (DA) es impactante. Y el cap\u00edtulo en si, muy curioso. Pero mi coraz\u00f3n es de los Angeles Sangrientos (BA) y no pod\u00eda crear el monstruo que es la fortaleza de los de Caliban, sin crear un reducto para los de Baal.<\/p>\n<p>Dando vueltas a la misma idea que me llev\u00f3 a la creaci\u00f3n de la FoR (Fortress of Redemption) con tres bunkers para los DA, me di cuenta que canibalizando algunas piezas extra (y consiguiendo algunas m\u00e1s) podr\u00eda hacer algo interesante, pero en esta ocasi\u00f3n, para los BA (En realidad se podr\u00eda usar para cualqueir tro cap\u00edtulo porque elimino la ornamentaci\u00f3n de los DA).<\/p>\n<p>La idea original era crear un solitario bunker octogonal (ya de por si impresionante) pero la puerta del kit de la FoR no encaja bien en ese esquema (Y necesitaba una puerta!). Como ten\u00eda algunas piezas sobrantes, me puse a emsamblarlas con la mano, hasta ver que la mejor soluci\u00f3n era crear una versi\u00f3n reducida de la FoR, con un solo bunker y sin la torre tan caracter\u00edstica, pero usando la base de la misma. Esta base podr\u00eda ir rematada con una azotea tipo basti\u00f3n imperial.<\/p>\n<p>Vamos con los detalles&#8230;<\/p>\n<p><strong>Nucleo central<\/strong><br \/>\nEl nucleo del silo es la base de la torre que tiene alrededor la pasarela de acceso y vigilancia. Esta pasarela est\u00e1 hecha con los restos cortados que han sobrado del proyecto de la For, por lo que es m\u00e1s corta. Visualmente, ya tenemos la impresi\u00f3n de que la construcci\u00f3n es m\u00e1s peque\u00f1a, aunque en realidad esta porci\u00f3n sea pr\u00e1cticamente igual. La pasarela va rodeada de los muros bajos, como la FoR original. Salvo en el extremo cortado, donde hay que hacer una modificaci\u00f3n para acoplar un trozo de muro.<\/p>\n<figure style=\"width: 500px\" class=\"wp-caption aligncenter\"><img loading=\"lazy\" decoding=\"async\" alt=\"BA Missile Silo - WIP - Core\" src=\"\/images\/minis\/scenery\/minifortaleza\/minifortaleza1med.jpg\" title=\"BA Missile Silo - WIP - Core\" width=\"500\" height=\"375\" \/><figcaption class=\"wp-caption-text\">BA - Silo de misiles - WIP - Nucleo<\/figcaption><\/figure>\n<p><strong>Bunker y muros<\/strong><br \/>\nA\u00f1adidos los muros y el buker, el tama\u00f1o comienza a ser respetable, pero manejable y compacto. El aspecto ya es m\u00e1s s\u00f3lido. Tengo que encontrar una soluci\u00f3n para el extremo de la pasarela que est\u00e1 cortado. Aunque ya tengo algo en mente. Toda esta parte es similar al ensamblaje de una FoR normal.<\/p>\n<figure style=\"width: 500px\" class=\"wp-caption aligncenter\"><img loading=\"lazy\" decoding=\"async\" alt=\"BA Missile Silo - WIP - Bunker\" src=\"\/images\/minis\/scenery\/minifortaleza\/minifortaleza2med.jpg\" title=\"BA Missile Silo - WIP - Bunker\" width=\"500\" height=\"375\" \/><figcaption class=\"wp-caption-text\">BA - Silo de misiles - WIP - Bunker y muros<\/figcaption><\/figure>\n<p>Aun se ven los iconos de los Angeles Oscuros. Tengo que limarlos.<\/p>\n<p>M\u00e1s cosas pronto&#8230;<\/p>\n","protected":false},"excerpt":{"rendered":"<p>La Fortaleza de Redenci\u00f3n de los Angeles oscuros (DA) es impactante. Y el cap\u00edtulo en si, muy curioso. Pero mi coraz\u00f3n es de los Angeles Sangrientos (BA) y no pod\u00eda crear el monstruo que es la fortaleza de los de Caliban, sin crear un reducto para los de Baal. Dando vueltas a la misma idea [&hellip;]<\/p>\n","protected":false},"author":1,"featured_media":0,"parent":9,"menu_order":0,"comment_status":"closed","ping_status":"open","template":"","meta":{"ngg_post_thumbnail":0,"footnotes":""},"class_list":["post-1852","page","type-page","status-publish","hentry"],"_links":{"self":[{"href":"https:\/\/knsweb.net\/index.php?rest_route=\/wp\/v2\/pages\/1852","targetHints":{"allow":["GET"]}}],"collection":[{"href":"https:\/\/knsweb.net\/index.php?rest_route=\/wp\/v2\/pages"}],"about":[{"href":"https:\/\/knsweb.net\/index.php?rest_route=\/wp\/v2\/types\/page"}],"author":[{"embeddable":true,"href":"https:\/\/knsweb.net\/index.php?rest_route=\/wp\/v2\/users\/1"}],"replies":[{"embeddable":true,"href":"https:\/\/knsweb.net\/index.php?rest_route=%2Fwp%2Fv2%2Fcomments&post=1852"}],"version-history":[{"count":0,"href":"https:\/\/knsweb.net\/index.php?rest_route=\/wp\/v2\/pages\/1852\/revisions"}],"up":[{"embeddable":true,"href":"https:\/\/knsweb.net\/index.php?rest_route=\/wp\/v2\/pages\/9"}],"wp:attachment":[{"href":"https:\/\/knsweb.net\/index.php?rest_route=%2Fwp%2Fv2%2Fmedia&parent=1852"}],"curies":[{"name":"wp","href":"https:\/\/api.w.org\/{rel}","templated":true}]}}